 - h*l + 122, 2*l = -5*b + l - 327. Let u = b + 124. Calculate the remainder when u is divided by 12.
11
Let u = 381 - 371. What is the remainder when 529 is divided by u?
9
Let s = 466 + -327. Let o(h) = h**2 - h. Calculate the remainder when s is divided by o(-4).
19
Let w = -8489 - -8587. Calculate the remainder when 772 is divided by w.
86
Suppose -3*s + 1090 = -0*s + 5*n, 2*n - 1093 = -3*s. What is the remainder when s is divided by 13/1 - (108 - 141)?
43
Let u = -232 - -271. Let q(b) = -6*b - 2. Let h be q(-5). Let g = 40 - h. Calculate the remainder when u is divided by g.
3
Suppose -5*a = -w + 35, -3*a - 20 - 1 = w. Let l = a - -36. What is the remainder when 85 is divided by l?
27
Suppose -5*l - 4*h = -56, l = -4*l + 2*h + 32. Calculate the remainder when (-235616)/22288*42/(-4) is divided by l.
7
Let g be ((52/6)/(-2))/((-5)/30). Let n = 32 - g. Calculate the remainder when 11 is divided by 18/(-27) - (-34)/n.
1
Let x(l) = -13*l**2 - 614*l - 108. What is the remainder when 436 is divided by x(-47)?
7
Let t = 1606 + -1105. What is the remainder when t is divided by (2 + (-5)/(-1))*9?
60
Suppose -k - j = k - 575, 0 = -3*k + 5*j + 882. Suppose k*w = 286*w + 102. Calculate the remainder when w is divided by 12.
10
Suppose -204*x - 10 = -199*x, q + x = 61. Calculate the remainder when 251 is divided by q.
62
What is the remainder when 1638 is divided by 1*((-4976)/(-48) - (-4)/(-6))?
93
Let q = 333 + -345. Let y(x) = 2*x**2 + 21*x + 121. What is the remainder when y(q) is divided by 23?
19
Suppose 7*q - 22 = -5*d, -17*d + 20*d - 5 = 4*q. Calculate the remainder when 203 is divided by d.
2
Let m(s) = s**2 + 14*s + 83. Let d be m(-15). Suppose o - 4*b - 110 = -2*b, -o + d = -5*b. What is the remainder when o is divided by 32?
22
Let m(w) = w**3 + 6*w**2 + 4*w + 5. What is the remainder when 0 + (-1645)/(-40) - ((-410)/(-80) - 5) is divided by m(-4)?
20
Suppose 0 = 2*y - 12, 9*r = 5*r - 4*y + 3432. What is the remainder when r is divided by 159?
57
Calculate the remainder when 441 is divided by 25*(3 + ((-22)/(-10) - 3)).
1
Let g = 691 - 673. Let h = -7 - -30. Let w = 34 - h. Calculate the remainder when g is divided by w.
7
Suppose -128*r = 21*r - 16092. What is the remainder when 190 is divided by r?
82
Let o = -416 + 592. Let r = o - 162. Calculate the remainder when 27 is divided by r.
13
Let m = -2468 - -2764. Calculate the remainder when m is divided by 27.
26
Let h be ((-6195)/(-28))/(6/8). Suppose -5*x = 5*u - 20 - 265, -5*u - 3*x = -h. What is the remainder when 244 is divided by u?
58
Let p be 6/4*2 + (-222)/(-37). Suppose -p*t + 46 + 170 = 0. What is the remainder when 42 is divided by t?
18
Let n be 4/((-8)/95)*(-16)/20. Suppose -n*m = -39*m + 16. What is the remainder when 175 is divided by m?
15
Let c(q) = 92*q**2 - 10*q - 26. What is the remainder when c(5) is divided by 25?
24
Suppose 5*m + 7*c - 3*c - 393 = 0, -5*m + 3*c + 414 = 0. Suppose 7*o + 4*o - 451 = 0. What is the remainder when m is divided by o?
40
Calculate the remainder when 916 is divided by (18/8)/(6 + (-1349)/228).
25
Let g be (-1195)/3 + 7/((-147)/14). Let d = -140 - g. Calculate the remainder when d is divided by 29.
27
Calculate the remainder when 6/(-51) + 99702/986 is divided by 32.
5
Suppose 4*s + 5*h = -2 - 3, 0 = -3*s + 3*h + 3. Let c be (s - 0)/(2/(2 + 0)). Suppose c = -g + 1 + 12. Calculate the remainder when 50 is divided by g.
11
Suppose 26*i = 9*i + 785 - 122. Let b = 22 + -10. Calculate the remainder when i is divided by b.
3
Let v be (5*(-1)/2)/((-2)/4). Suppose v*r = -r + 13170. Calculate the remainder when r/10 + (-2)/(-4) is divided by 56.
52
Let z(o) = 92*o + 7136. What is the remainder when z(-65) is divided by 86?
38
Let t(j) = -j**2 - j + 1. Let a(z) = 4*z**2 + 2*z - 2. Let g(c) = a(c) + 3*t(c). Let i be g(0). Calculate the remainder when ((3/3)/1)/(i/33) is divided by 12.
9
Let o be ((-72)/(-30) - 2)*15*2. Suppose -o = -4*s, -4*l + 151 = -4*s + 55. Calculate the remainder when l is divided by -2 + 2 + 0 + 12.
3
Let a(w) = -w**2 + 22*w - 84. Let p be a(8). Suppose -p*d - 774 = -46*d. Calculate the remainder when d is divided by (-2)/((-1)/(-11)*-2).
10
Let b(k) = -k**3 + 15*k**2 - k + 46. What is the remainder when 1007 is divided by b(0)?
41
Suppose 760 = 37*b - 18*b. Let p = -168 + 315. Calculate the remainder when p is divided by b.
27
Suppose -2*x + 39 = -119. Let o = 235 - 231. Suppose -3*t = -o*h + 5*h - 35, 4*h - t - 75 = 0. Calculate the remainder when x is divided by h.
19
Let n = 2 + -4. Let z(d) = 3*d**2 - 67*d - 840. What is the remainder when 9/n*20/(-6) is divided by z(-9)?
3
Let i(c) = -34*c + 214. Calculate the remainder when i(-43) is divided by 73.
70
Suppose -83*x = -2515 - 1054. What is the remainder when 325 is divided by x?
24
Let c = 0 + 0. What is the remainder when (5 + c)*(-224)/(-10) is divided by 8/(-45) + (-18)/81 + (-147)/(-5)?
25
Let c(p) = -2*p**3 - p + 6. Let a be c(0). Suppose 22 = a*x - 320. Calculate the remainder when 168 is divided by x.
54
Suppose -306 = -3*r + 3*m, 2*m + 57 = 5*r - 453. Calculate the remainder when 18152 is divided by r.
98
Let s(b) = 24*b**2 + 22*b + 4. Let i be s(6). Suppose -6*j - k = -2*j - 1020, 4*j - 4*k = i. Calculate the remainder when j is divided by 64.
62
Suppose -3*r = -17*r + 540 + 202. What is the remainder when 1322 is divided by r?
50
Suppose p + 7 = -3*o + 39, -108 = -5*p - 2*o. Suppose p = 4*l - 12. What is the remainder when (18/l)/((-24)/(-832)) is divided by 27?
24
Let l = -210 + 450. Let j = l - 220. Calculate the remainder when 138 is divided by j.
18
Suppose -2*u + 8 = 0, 0*o + 4*u + 744 = -4*o. Let q = o + 108. Let d = -67 - q. What is the remainder when 23 is divided by d?
8
Suppose 4*b - 3*i - 3182 = 0, 4*i + 802 = b - 0*b. Let u = 822 - b. What is the remainder when 530 is divided by u?
26
Suppose -m = 3*i - 958, 10 = -3*m - 2*m. Suppose -3*y = -7*y - 2*c + i, 0 = 5*y + 4*c - 403. Calculate the remainder when y is divided by 29.
21
Suppose x + 5 = 0, 4*g - 6*x - 68 = -2*x. Calculate the remainder when 117 is divided by (-2)/16 - g/((-768)/1928).
27
Suppose -5*h + 1319 = 6*s - 2*s, -2*s + 643 = -3*h. Let w = s + -319. Calculate the remainder when w is divided by 5.
2
Let u(a) = -7*a + 67. Suppose 0 = 3*d + 16*d - 114. Calculate the remainder when 48 is divided by u(d).
23
Let m = -687 - -714. Let f(l) = 2*l - 37. What is the remainder when 354 is divided by f(m)?
14
Suppose 0 = 2*k + 2*z + 4, 4*k + 10 = -k + 2*z. Calculate the remainder when (-2)/1*204/k is divided by 165/7 + 99/(7623/(-44)).
20
Suppose 4*x + 216 = 4*s, -324 = -5*s - 7*x + 3*x. What is the remainder when 1437 is divided by s?
57
Suppose -4*f + 0*f + 2*z = -38, 4*z - 44 = -2*f. Suppose 2*x = -3*y + 51, -79 = -2*x + 2*y - 23. Calculate the remainder when x is divided by f.
3
Suppose -1410 = -37*t + 32*t - 5*o, 5*o + 35 = 0. What is the remainder when t is divided by 136?
17
Let h = 630 - 570. Suppose h = 22*v - 7*v. What is the remainder when v is divided by 4?
0
Suppose 486*p = 554*p - 1428. Calculate the remainder when 166 is divided by p.
19
Let g(j) = -5*j + 85. Let r be g(16). Suppose 365 = z - 2*t, -r*z - 709 = 2*t - 2570. Calculate the remainder when z is divided by 22.
19
Suppose -63*y + 3361 + 2103 = 1873. Calculate the remainder when 354 is divided by y.
12
Let l = 121 - 112. Suppose l*k = 782 + 2791. What is the remainder when k is divided by 25?
22
Let h be -148 + ((-14)/(-2) - 9). Let w(l) = l**3 + 4*l**2 - 5*l - 3. Calculate the remainder when 2220/h*(-50)/4 is divided by w(-4).
15
Let z be (-33)/(-22) - (-2)/(-4). Let g = z + 32. Let j = g + 2. Calculate the remainder when j is divided by 13.
9
Let m be (-91)/(-28) - (-3)/4. Let j = 339 + -335. Suppose -2*s = 3*w - 3*s - j, -m*w + 3*s = -2. Calculate the remainder when 3 is divided by w.
1
Suppose -5*b = 6*o - 902, -50*b + 53*b + o = 536. Let q = 28 - -42. Calculate the remainder when b is divided by q.
38
Suppose 17 = -3*z - 4*s - 0*s, -5*z = -2*s - 15. Calculate the remainder when -1 - -80 - (-9 + z)/(-2) is divided by 13.
10
Suppose 21*z - 2*d - 4031 = 18*z, -z + 1367 = 4*d. Calculate the remainder when z is divided by 46.
13
Suppose -u + 310 = 307. Suppose 127 = -u*z + 298. Calculate the remainder when z is divided by